{"id":38,"date":"2020-06-16T10:37:02","date_gmt":"2020-06-16T10:37:02","guid":{"rendered":"https:\/\/www.helpforafricanstudents.org\/1000tests\/lp-profile\/"},"modified":"2023-04-07T05:02:51","modified_gmt":"2023-04-07T05:02:51","slug":"lp-profile","status":"publish","type":"page","link":"https:\/\/www.helpforafricanstudents.org\/1000tests\/lp-profile\/","title":{"rendered":"Lp Profile"},"content":{"rendered":"<div class=\"learnpress\"><div\n\tclass=\"learn-press-message error lp-content-area\">This shortcode LP Profile only use on the page <a href=\"https:\/\/www.helpforafricanstudents.org\/1000tests\/wp-admin\/admin.php?page=learn-press-settings\"><strong>Profil<\/strong><\/a><\/div>\n<\/div>\n","protected":false},"excerpt":{"rendered":"","protected":false},"author":1,"featured_media":0,"parent":0,"menu_order":0,"comment_status":"closed","ping_status":"closed","template":"","meta":{"bgseo_title":"","bgseo_description":"","bgseo_robots_index":"","bgseo_robots_follow":"","advgb_blocks_editor_width":"","advgb_blocks_columns_visual_guide":"","footnotes":""},"class_list":["post-38","page","type-page","status-publish","hentry","without-featured-image"],"coauthors":[],"author_meta":{"author_link":"https:\/\/www.helpforafricanstudents.org\/1000tests\/author\/helpforafricanstudents_788rl6\/","display_name":"HAS"},"relative_dates":{"created":"Publi\u00e9 6 ans il y a","modified":"Mis \u00e0 jour 3 ans il y a"},"absolute_dates":{"created":"Publi\u00e9 le juin 16, 2020","modified":"Mise \u00e0 jour le avril 7, 2023"},"absolute_dates_time":{"created":"Publi\u00e9 le juin 16, 2020 10:37 am","modified":"Mise \u00e0 jour le avril 7, 2023 5:02 am"},"featured_img_caption":"","featured_img":false,"series_order":"","_links":{"self":[{"href":"https:\/\/www.helpforafricanstudents.org\/1000tests\/wp-json\/wp\/v2\/pages\/38","targetHints":{"allow":["GET"]}}],"collection":[{"href":"https:\/\/www.helpforafricanstudents.org\/1000tests\/wp-json\/wp\/v2\/pages"}],"about":[{"href":"https:\/\/www.helpforafricanstudents.org\/1000tests\/wp-json\/wp\/v2\/types\/page"}],"author":[{"embeddable":true,"href":"https:\/\/www.helpforafricanstudents.org\/1000tests\/wp-json\/wp\/v2\/users\/1"}],"replies":[{"embeddable":true,"href":"https:\/\/www.helpforafricanstudents.org\/1000tests\/wp-json\/wp\/v2\/comments?post=38"}],"version-history":[{"count":2,"href":"https:\/\/www.helpforafricanstudents.org\/1000tests\/wp-json\/wp\/v2\/pages\/38\/revisions"}],"predecessor-version":[{"id":16469,"href":"https:\/\/www.helpforafricanstudents.org\/1000tests\/wp-json\/wp\/v2\/pages\/38\/revisions\/16469"}],"wp:attachment":[{"href":"https:\/\/www.helpforafricanstudents.org\/1000tests\/wp-json\/wp\/v2\/media?parent=38"}],"curies":[{"name":"wp","href":"https:\/\/api.w.org\/{rel}","templated":true}]}}